 What is a(-11)?
71
Let o(g) = -22*g**2 + 664*g + 567. Determine o(31).
9
Let t(p) = 15375*p + 9240354. What is t(-601)?
-21
Let t(h) = -40986*h + 1803397. What is t(44)?
13
Let o(z) = -3139650*z - 15698243. Calculate o(-5).
7
Let y(d) = 14073*d - 689988. Give y(49).
-411
Let y(g) = 335*g + 132335. What is y(-395)?
10
Let t(w) = 1934*w**2 + 48331*w - 425. What is t(-25)?
50
Let c(l) = -34*l**2 - 663*l - 270. Calculate c(-19).
53
Let t(z) = 6796*z - 244722. Give t(36).
-66
Let x(b) = b**3 + 36*b**2 - 219*b - 526. Give x(-41).
48
Let i(k) = 23*k**3 - 139*k**2 + 6*k - 89. What is i(6)?
-89
Let r(j) = -106*j - 648. Calculate r(-13).
730
Let q(i) = -193*i**3 - 24*i + 35. Calculate q(2).
-1557
Let k(l) = -7*l**3 - 29*l**2 + 33*l + 133. What is k(3)?
-218
Let j(r) = 142934*r + 16866223. Give j(-118).
11
Let t(a) = -2*a**3 + 653*a**2 + 13854*a - 122. Determine t(-20).
-2
Let r(p) = 16407*p - 196948. What is r(12)?
-64
Let x(z) = z**3 + 60*z**2 + 75*z + 563. Calculate x(-59).
-381
Let s(c) = -171*c + 15924. Calculate s(94).
-150
Let k(z) = -2*z**3 + z**2 - 439*z - 1749. Determine k(-4).
151
Let f(v) = -1424*v**2 - 400142*v + 560. Give f(-281).
-2
Let b(k) = k**3 - 5*k**2 + 2567*k - 10208. What is b(4)?
44
Let o(n) = 1827*n - 9102. Determine o(5).
33
Let u(x) = -x**3 + 195*x**2 + 4922*x - 2111. Calculate u(-23).
5
Let n(r) = -3324*r + 86024. Give n(25).
2924
Let v(d) = 5146*d + 41124. Determine v(-8).
-44
Let i(y) = -19*y**2 - 29*y + 700. Give i(12).
-2384
Let n(p) = -400*p**2 - 6333*p - 177. Determine n(-16).
-1249
Let l(c) = -17*c**2 - 15135*c - 60533. Determine l(-4).
-265
Let i(w) = -17975*w + 12906012. Determine i(718).
-38
Let w(q) = -q**3 + 19*q**2 + 292*q + 274. Determine w(-14).
2654
Let i(o) = -o**3 - 9*o**2 + 1001*o + 283. Give i(-37).
1578
Let k(o) = -144*o**2 + 8040*o + 1349. What is k(56)?
5
Let b(i) = -i**3 - 10*i**2 - 2*i + 104. Determine b(-6).
-28
Let y(s) = -417*s**3 - s**2 + 192*s - 190. Give y(1).
-416
Let n(r) = -135391*r + 2030871. Determine n(15).
6
Let p(j) = 11*j**2 + 20*j - 847. What is p(10)?
453
Let i(t) = -20849*t + 667176. What is i(32)?
8
Let b(q) = 39272*q + 274917. Calculate b(-7).
13
Let q(z) = -92*z**2 - 2920*z + 806. Give q(-32).
38
Let c(q) = -24016*q - 96070. Determine c(-4).
-6
Let c(w) = -3*w**3 - 296*w**2 + 378*w - 2896. What is c(-100)?
-696
Let c(h) = -6*h**2 - 11044*h - 33090. Determine c(-3).
-12
Let u(t) = 5*t**2 + 279*t + 3220. Give u(-17).
-78
Let y(x) = -161*x**2 - 7260*x - 448. What is y(-45)?
227
Let m(q) = -q**3 - 15*q**2 - 38*q - 765. Calculate m(-15).
-195
Let q(c) = c**2 - 292*c - 3218. Determine q(-11).
115
Let v(f) = -11*f**3 + 7*f**2 + 41*f + 81. Determine v(-2).
115
Let j(b) = 4*b**2 - 248*b - 32270. Determine j(126).
-14
Let l(c) = 272*c**2 - 119*c + 101. Give l(1).
254
Let l(q) = -28*q**2 - 101*q - 462. Calculate l(-7).
-1127
Let h(j) = 173*j**2 + 81*j - 164. Calculate h(1).
90
Let y(t) = 15518*t**2 - 62075*t + 9. Determine y(4).
-3
Let m(a) = -a**3 + 7*a**2 - 13*a + 75. Give m(8).
-93
Let u(o) = -o**2 - 2047*o - 142207. Determine u(-72).
-7
Let i(k) = 25001*k - 500101. Calculate i(20).
-81
Let s(n) = -4*n**3 + 384*n**2 + 5*n - 1286. Determine s(96).
-806
Let g(h) = -58*h**2 - 7612*h - 9364. Determine g(-130).
-4
Let b(g) = 955*g - 190999. Give b(200).
1
Let j(k) = 10*k**2 + 60*k - 488. Determine j(-14).
632
Let p(f) = -f**3 - 24*f**2 + 163*f + 94. Calculate p(-27).
-2120
Let n(q) = 3*q**2 - 1323*q + 14447. Determine n(11).
257
Let d(t) = 10*t**3 - 838*t**2 - 155*t - 40. Determine d(84).
1052
Let y(r) = -3*r**2 + r + 163. Calculate y(17).
-687
Let v(j) = 64*j**2 + 277*j + 59. Calculate v(-4).
-25
Let t(v) = 4*v**3 + 5*v**2 + 45*v + 35. Calculate t(-5).
-565
Let d(f) = 6544*f - 268222. Give d(41).
82
Let o(c) = 1633*c + 24501. Calculate o(-15).
6
Let m(b) = b**3 + 46*b**2 - 496*b - 644. Calculate m(10).
-4
Let k(a) = 2*a**2 + 1048*a + 116272. Give k(-365).
202
Let r(b) = -b**3 + 144*b**2 - 3272*b + 9. What is r(28)?
-663
Let c(p) = -5687*p - 3474. What is c(0)?
-3474
Let d(s) = 64*s**2 + 631*s + 1312. Determine d(-3).
-5
Let t(f) = 12828*f + 89763. Determine t(-7).
-33
Let k(a) = -138*a + 6905. Give k(49).
143
Let p(h) = -853*h**2 - 261*h + 262. Determine p(1).
-852
Let i(y) = 4*y**3 + 1076*y**2 - 17*y - 4489. What is i(-269)?
84
Let c(g) = 20*g**3 - 1637*g**2 - 254*g + 684. What is c(82)?
28
Let i(z) = -z**3 + z**2 + 147*z + 1189. Calculate i(-8).
589
Let d(c) = c**2 + 5177*c + 933089. What is d(-187)?
-41
Let g(h) = -h**2 + 104*h - 2977. What is g(59)?
-322
Let x(y) = 10024*y - 20076. Determine x(2).
-28
Let l(f) = 10*f**2 - 46. Calculate l(-10).
954
Let k(x) = -21*x**2 + 463*x + 2840. Determine k(-5).
0
Let o(u) = -u**2 + 13*u + 13260. Give o(123).
-270
Let p(f) = 2611*f + 52281. What is p(-20)?
61
Let t(x) = 64499*x + 515975. Determine t(-8).
-17
Let j(s) = s**3 - 116*s**2 - 2887*s - 149. Calculate j(-21).
61
Let z(r) = -6142*r - 12249. Give z(-2).
35
Let j(m) = 52*m**2 + 2376*m + 119. Calculate j(-45).
-1501
Let v(b) = 6*b**2 - 167*b - 3220. Calculate v(-13).
-35
Let v(o) = -o**3 + 1590*o**2 - 49923*o + 25. What is v(32)?
-2119
Let y(k) = -k**3 - 2334*k**2 + 936373*k - 2101. What is y(349)?
-7
Let n(f) = 896*f - 244674. Determine n(273).
-66
Let t(s) = 35*s**2 + 280*s - 4. Give t(-8).
-4
Let b(z) = 17*z**2 + 231*z - 7654. Calculate b(-29).
-56
Let l(c) = -7*c**2 + 5254*c - 26088. Give l(5).
7
Let t(r) = -11*r**3 + 3002*r**2 - 5692*r - 75. Determine t(271).
-346
Let o(l) = 15*l**2 + 14*l + 33. Give o(5).
478
Let f(b) = 2*b**2 + 199*b - 3806. Determine f(-116).
22
Let y(d) = -d**2 + 215*d + 2622. Calculate y(-12).
-102
Let m(y) = 7*y**3 + 982*y**2 + 283*y + 427. Give m(-140).
7
Let k(w) = w**2 + 32367*w + 679260. Calculate k(-21).
-6
Let a(c) = 16900*c + 101347. Determine a(-6).
-53
Let l(q) = -q**3 + 88*q**2 - 1820*q - 1224. Give l(35).
1
Let d(u) = 146*u + 3977. Determine d(-28).
-111
Let n(r) = -110*r**3 - 553*r**2 - 338*r - 1640. Determine n(-5).
-25
Let m(b) = 4342*b + 516681. Give m(-119).
-17
Let l(n) = 1641*n + 1348911. Calculate l(-822).
9
Let h(x) = -8*x**2 - 101*x + 1209. What is h(13)?
-1456
Let b(z) = 100*z + 11735. Determine b(-117).
35
Let v(i) = 1920*i - 15237. Give v(8).
123
Let s(r) = 376*r + 23018. Give s(-64).
-1046
Let h(b) = -11996*b + 12220. What is h(1)?
224
Let f(d) = 1031796*d - 15476944. Calculate f(15).
-4
Let o(s) = -191*s**2 - 4694*s - 4692. Give o(-1).
-189
Let f(r) = 13*r**2 - 318*r + 110. Determine f(8).
-1602
Let d(q) = -418*q + 177661. Give d(425).
11
Let k(s) = -6390*s + 3961805. Determine k(620).
5
Let x(j) = -j**3 + 65*j**2 + 1587*j - 105673. Determine x(64).
-9
Let s(b) = -2636*b - 44762. Calculate s(-17).
50
Let r(y) = 2*y**3 + 25*y**2 - 5260*y - 58165. Determine r(-11).
58
Let f(j) = -137*j**2 + 984*j - 175. Determine f(7).
0
Let z(u) = -u**3 + 61*u**2 + 8255*u - 498902. Give z(60).
-2
Let z(y) = -2273*y - 374980. Give z(-165).
65
Let l(k) = 23*k**2 + 171*k + 446. Determine l(-3).
140
Let s(c) = -10*c**2 - 1383*c + 6689. What is s(-143)?
-32
Let p(i) = 6*i**2 - 1406*i - 7115. Give p(-5).
65
Let t(x) = x**2 + 993*x - 63254. Give t(60).
-74
Let i(z) = z**3 + 5*z**2 - 369*z - 2803. What is i(-17)?
2
Let z(g) = -2*g**3 + 3788*g**2 + 11215*g + 316816. Determine z(1897).
17
Let q(g) = -5*g**2 - 44*g - 30. Give q(-8).
2
Let c(a) = 5*a**2 + 5*a - 38. Calculate c(12).
742
Let b(z) = -159840*z + 20779202. Determine b(130).
2
Let k(r) = 11*r**2 + 26*r - 1348. What is k(17)?
2273
Let q(k) = k**2 - 182*k - 51874. Calculate q(336).
-130
Let s(f) = 7232*f + 911299. Calculate s(-126).
67
Let l(r) = 57*r**3 - 345*r**2 + 99*r - 472. What is l(6)?
14
Let y(b) = -2*b**3 + 45*b**2 + 281*b + 55. Calculate y(-10).
3745
Let i(w) = 9*w**2 + 910*w - 2312. Calculate i(-104).
392
Let a(q) = -23*q**2 + 436*q + 1060. What is a(-2)?
96
Let s(u) = 71*u**2 - 14730*u - 7912. What is s(208)?
-8
Let m(q) = 2*q**3 - 111*q**2 - 53*q + 3. Determine m(0).
3
Let g(z) = 3*z**2 - 442*z - 1899. Calculate g(152).
229
Let v(h) = -4*h**2 - 426*h + 20744. Calculate v(43).
-4970
Let v(l) = -4*l**2 - 1648*l - 163667. Determine v(-245).
-7
Let s(i) = -1878*i + 86148. Determine s(45).
1638
Let y(k) = 89*k - 1621. Give y(9).
-820
Let l(q) = 1712*q + 142730. What is l(-83)?
634
Let m(q) = 29721*q +